t j = 30 + -21. Let c(x) = -59 + 2*x**2 + 57 + 5*x**2 + x**2 - x**3 + 11*x. Let i be c(j). Calculate the greatest common factor of i and 24.
8
Let p = -1547 + 1632. What is the highest common factor of p and 765?
85
Suppose 24*b - 9*b = 225. Let o be 456/b - (-10)/(-25). Let z be (-16)/(-3) - (-6)/9. What is the highest common factor of o and z?
6
Let b be (423/282)/(2667/(-896) + 3). Let s(c) = -c**3 + c**2 + c - 2. Let w be s(-2). Let d = w - 4. Calculate the highest common divisor of b and d.
4
Let g(r) = -169*r**3 - 4*r**2 - 7*r - 4. Let k be 0 - (-4 - (-2 - 5)) - -2. Let c be g(k). Calculate the highest common factor of 756 and c.
84
Suppose 7*n - 6*n - 82 = -2*h, -4*n + 4*h = -292. Calculate the highest common factor of 4617 and n.
19
Let j = 117 + -115. Suppose 5*o - 17 + 4 = -j*c, 4*o = -2*c + 10. Suppose -5*l + 267 = -o*k, -k + 2 = 1. What is the highest common divisor of l and 18?
18
Let o = 98 + 307. Let q(h) = 337*h - 50520. Let w be q(150). What is the greatest common divisor of o and w?
15
Suppose 858 = -33*c + 11900 - 317. What is the highest common divisor of 7995 and c?
65
Let g = 9102 + -6002. Calculate the highest common divisor of 100 and g.
100
Let y = 108 + -72. Let m = -50 + y. Let k(u) = -u**2 - 16*u - 25. Let t be k(m). Calculate the greatest common factor of t and 33.
3
Let v = 44 + -30. Suppose 0 = h - 3*o + 3, h + 2*o + v = -h. Let d(k) = -k + 13. Let g be d(h). What is the greatest common divisor of g and 19?
19
Let y = 15 + 44. Let l = y + -45. Let t = 27 - -1. Calculate the greatest common factor of l and t.
14
Let t be (315/(-60))/(((-9)/8)/3). What is the greatest common divisor of 42 and t?
14
Let t be (17 - -1)/((-26)/(-468) - (-2)/12). Calculate the greatest common divisor of 249 and t.
3
Let n = -40 - -47. Suppose 305 = n*f - 325. Suppose 0 = -17*v + 22*v - f. Calculate the highest common divisor of 24 and v.
6
Let i(r) = -13*r + 1. Let z be i(-2). Let h(m) = 11*m**2 - 442*m + 1808. Let g be h(4). Calculate the highest common divisor of g and z.
27
Suppose -t = -3 - 10. Let z = 298 + -298. Suppose 20*y + 695 - 2515 = z. What is the greatest common divisor of t and y?
13
Let i(p) = -7*p + 31. Let x be i(4). Suppose x*n + 153 = 2*t + 6*n, -t - 5*n + 73 = 0. What is the greatest common factor of t and 195?
39
Let y be 16/(-10)*(2 - 67). Let b be (1 + 7)/4 + (5 - 11) + 17. What is the greatest common divisor of b and y?
13
Let c(t) = -t + 273. Let x be c(0). Let s be (88/(-10) - -1)/((-681)/2270). Calculate the greatest common divisor of x and s.
13
Suppose -10*j - 33 + 283 = 0. Suppose -j*d + 132 + 118 = 0. Calculate the highest common divisor of 2 and d.
2
Suppose 23*s - 19*s - 16 = 0. Suppose 4*n - s*z - 436 = 0, -2*n - z - 4*z + 239 = 0. Let g = 117 - n. Calculate the greatest common factor of g and 50.
5
Let q be 0/((-4)/(0 + -4)). Suppose q = -j + 19*j - 540. What is the greatest common divisor of j and 30?
30
Suppose 0 = -18*b - 41*b + 3101 + 3979. Calculate the greatest common divisor of b and 1032.
24
Let x be 4/(-18) + (-654)/(-27). Let a(m) = -96*m + 864. Let j be a(5). Calculate the greatest common factor of j and x.
24
Let s be 532/76*(-24)/(-14). What is the highest common divisor of s and 93?
3
Suppose -12657 = -2*y + 5*o, 3*y = -150*o + 155*o + 19003. What is the highest common divisor of y and 190?
38
Let u = 7194 - 6814. What is the highest common divisor of u and 342?
38
Let j be (-408)/(-16)*2 + -2. What is the greatest common divisor of 2569 and j?
7
Let q(j) = -j**3 + 54*j**2 - 387*j + 21106. Let v be q(54). Let u(h) = -260*h**3 + h**2 - 1. Let a be u(-1). Calculate the greatest common divisor of a and v.
52
Suppose 1690 = 2*v - 2*m, -3*v - 2*v = m - 4243. What is the greatest common divisor of 32 and v?
16
Let l = -39 - -64. Let a = -16 + l. Suppose -688*z + 17831 + 6937 = 0. What is the greatest common factor of a and z?
9
Let j be (-12)/66 - 4/(-22). Suppose -l + 234 - 66 = j. Calculate the highest common divisor of l and 21.
21
Suppose 5*p = 2*h - 1, 2*p + 13 - 10 = h. Calculate the greatest common divisor of h and 351.
13
Let g be (-9)/6*(14 - -63)/((-3)/2). Let r(d) = 2*d**2 - 3*d. Let s be r(-4). What is the greatest common divisor of g and s?
11
Let g be 2/6 + 20/60*2222. What is the highest common factor of 117 and g?
39
Let i(j) = -269*j - 4731. Let a be i(-18). Calculate the highest common factor of a and 629.
37
Suppose 4*d + 17 - 53 = 0. Let c = 272 + -173. Calculate the highest common factor of d and c.
9
Let q(g) = 8*g**2 - 55*g - 402. Let m be q(-8). What is the highest common divisor of 11 and m?
11
Suppose 283*s = 282*s + 5*h + 2039, h = 4. Calculate the highest common divisor of 355 and s.
71
Let n be (-2)/14 + (-306)/14. Let d = n - -27. Suppose 39 = 3*s + d*x - 21, 4*x + 40 = 2*s. What is the highest common divisor of s and 120?
20
Suppose -4*x + 39 - 13 = 3*s, s = 2. Suppose -x*o + 19 = -16. Calculate the highest common factor of o and 2.
1
Suppose 1956 - 846 = 15*w. Calculate the highest common factor of w and 2.
2
Let i be (-88)/1*(-10)/20. Suppose 32*n - i = 31*n. What is the highest common divisor of n and 22?
22
Let f(o) = 5*o**2 - 8*o - 3. Let x be f(-10). Let y = x - 573. What is the highest common factor of y and 196?
4
Suppose -750 = -13*z + 2*z + z. What is the greatest common factor of z and 1605?
15
Let u(t) = -t + 13. Let k = 2 + 0. Let d be u(k). Let a(o) = 3*o + 37. Let w be a(d). What is the greatest common divisor of w and 14?
14
Let h be (2/8)/(6/12)*8. Suppose y - 10 = 3*k + 2*k, -59 = -h*y + k. Suppose -66 = -2*g + 24. Calculate the highest common divisor of g and y.
15
Suppose -426 = 44*f - 734. Suppose 0 = -3*n + u - 40, -3*n - 2*u = -17 + 63. Let v be (n/6 - 0)*-33. What is the greatest common factor of f and v?
7
Let f = -7227 - -25876. Calculate the highest common factor of 34 and f.
17
Suppose 33 = u - 67. Let c(h) = 2*h**3 + 85*h**2 - 41*h + 96. Let s be c(-43). Calculate the highest common divisor of s and u.
10
Suppose -7951 + 4399 = -6*d. Calculate the highest common divisor of 407 and d.
37
Suppose 0 = -2*u + 10. Suppose 5*m - 43 = -3*q, -q - 5*m + 13 = -3*q. Suppose -u*o = -q - 34. What is the greatest common divisor of 32 and o?
8
Let o(t) = -28*t**3 - 18*t**2 - 15*t + 3. Let y be o(-1). What is the highest common divisor of 188 and y?
4
Let v be ((-18)/(-1))/(2/20). Let r(s) = -42*s**2 + 6344*s - 77. Let i be r(151). What is the greatest common divisor of v and i?
45
Let v = -1996 + 2146. Calculate the greatest common divisor of v and 480.
30
Let f be 39*((-440)/(-12))/22. Calculate the highest common factor of 104 and f.
13
Suppose 44*d = 43*d + 4. Let u(j) = -14*j + 83. Let y be u(d). What is the greatest common factor of y and 99?
9
Suppose -3011 = -r + 2*b, -3*r - 3874 = -5*b - 12905. What is the highest common factor of r and 31?
31
Let u be (38/(-228)*-4)/((-4)/(-186)). What is the greatest common factor of 16182 and u?
31
Suppose -n = -3*u - 566 + 1791, 4*u + 2*n - 1630 = 0. Suppose -36*o + 3321 = -2187. Calculate the greatest common factor of o and u.
51
Let o be 284/(-71)*(-27)/4. What is the greatest common divisor of o and 28998?
27
Suppose 0 = i - 5*i + 20. Let c = -369 + 579. Let p = -170 + c. Calculate the greatest common factor of i and p.
5
Let m be (-64)/320 + (-3 - 106/(-5)). Suppose -s = -t + 4*s + 49, -5*t + 4*s = -266. What is the highest common divisor of m and t?
18
Suppose 0 = 12*j - 1177 - 1103. Suppose -5*n - 10 + j = 0. Let m(o) = -2*o**2 + 30*o + 32. Let f be m(14). What is the highest common divisor of n and f?
12
Let j(v) = -75*v**3 + 12*v**2 + 21*v - 10. Let x be j(-3). What is the greatest common divisor of x and 60?
20
Let v(t) = -986 - 16*t**2 + 511 + 511 - t**3 - 28*t. Let z be v(-15). Calculate the highest common divisor of 21 and z.
21
Let h(w) = 3*w + 14*w**2 + 5*w**2 + 3*w**2 - 2*w. Let z(f) = f + 7. Let c be z(-6). Let s be h(c). Calculate the highest common factor of 115 and s.
23
Let d be (-55)/(-55)*93*1. Calculate the greatest common divisor of 15 and d.
3
Let m = -20 + 52. Let g = m + -8. Let j(r) = 78*r + 912. Let p be j(-8). Calculate the highest common factor of p and g.
24
Suppose -8*r + 12 = -2*r. Suppose -29 = -d + 5*i + 38, 3*d = -r*i + 201. Let b = 77 - d. What is the greatest 